{"id":37,"date":"2015-01-29T14:19:21","date_gmt":"2015-01-29T14:19:21","guid":{"rendered":"http:\/\/www.so-lass-ich-mich-nicht-pruefen.de\/?page_id=37"},"modified":"2022-04-10T06:58:48","modified_gmt":"2022-04-10T06:58:48","slug":"die-herausgeber","status":"publish","type":"page","link":"http:\/\/www.so-lass-ich-mich-nicht-pruefen.de\/?page_id=37","title":{"rendered":"Herausgeber"},"content":{"rendered":"\n<div class=\"wp-block-image\"><figure class=\"alignright\"><a href=\"http:\/\/www.so-lass-ich-mich-nicht-pruefen.de\/wp-content\/uploads\/2015\/01\/s-687e-Stefan.jpg\"><img loading=\"lazy\" decoding=\"async\" width=\"232\" height=\"300\" src=\"http:\/\/www.so-lass-ich-mich-nicht-pruefen.de\/wp-content\/uploads\/2015\/01\/s-687e-Stefan-e1424113876585-232x300.jpg\" alt=\"s 687e Stefan\" class=\"wp-image-98\" srcset=\"http:\/\/www.so-lass-ich-mich-nicht-pruefen.de\/wp-content\/uploads\/2015\/01\/s-687e-Stefan-e1424113876585-232x300.jpg 232w, http:\/\/www.so-lass-ich-mich-nicht-pruefen.de\/wp-content\/uploads\/2015\/01\/s-687e-Stefan-e1424113876585.jpg 510w\" sizes=\"auto, (max-width: 232px) 100vw, 232px\" \/><\/a><\/figure><\/div>\n\n\n\n<p><strong>Dr. Stefan Ackermann<\/strong> ist Philosoph und Gr\u00fcnder der <a href=\"http:\/\/socialcert-gmbh.de\/\" target=\"_blank\" rel=\"noopener noreferrer\" title=\"SocialCert GmbH\">SocialCert GmbH<\/a>. Er auditiert und zertifiziert seit 2000 soziale Einrichtungen von Kinderg\u00e4rten und Schulen bis hin zu Altenheimen und station\u00e4ren Hospizen. Er besch\u00e4ftigt sich umf\u00e4nglich mit Fragen des Lernens in allen gesellschaftlichen Bereichen. Sein Arbeitsschwerpunkt ist die Etablierung der &#8222;<a href=\"http:\/\/www.pflegewiki.de\/wiki\/Beziehungsqualit%C3%A4t\" target=\"_blank\" rel=\"noopener noreferrer\" title=\"Beziehungsqualit\u00e4t\">Beziehungsqualit\u00e4t<\/a>&#8220; als einer relevanten Gr\u00f6\u00dfe im Qualit\u00e4tsmanagement und Ordnungsparameter bei der Steuerung von Sozialen Systemen aller Art. Seine Liebe und Leidenschaft gilt einer ad\u00e4quaten Kultur des Pr\u00fcfens. Seit Sommer 2016 bietet er zusammen mit Marietta Sch\u00fcrholz lernr\u00e4ume f\u00fcr bewusstes F\u00fchlen und Initiation in erwachesenes verantwortliches Handeln an: <a href=\"http:\/\/mutmacherei.org\/\" target=\"_blank\" rel=\"noopener noreferrer\">www.mutmacherei.org<\/a>.<\/p>\n\n\n\n<p><a href=\"http:\/\/www.so-lass-ich-mich-nicht-pruefen.de\/wp-content\/uploads\/2015\/01\/Geleitwort_Stefan.pdf\">Geleitwort_Stefan<\/a><\/p>\n\n\n\n<div class=\"wp-block-image\"><figure class=\"alignleft\"><a href=\"http:\/\/www.so-lass-ich-mich-nicht-pruefen.de\/wp-content\/uploads\/2015\/01\/IMG_3964.jpg\"><img loading=\"lazy\" decoding=\"async\" width=\"199\" height=\"300\" src=\"http:\/\/www.so-lass-ich-mich-nicht-pruefen.de\/wp-content\/uploads\/2015\/01\/IMG_3964-199x300.jpg\" alt=\"IMG_3964\" class=\"wp-image-89\" srcset=\"http:\/\/www.so-lass-ich-mich-nicht-pruefen.de\/wp-content\/uploads\/2015\/01\/IMG_3964-199x300.jpg 199w, http:\/\/www.so-lass-ich-mich-nicht-pruefen.de\/wp-content\/uploads\/2015\/01\/IMG_3964.jpg 423w\" sizes=\"auto, (max-width: 199px) 100vw, 199px\" \/><\/a><\/figure><\/div>\n\n\n\n<p><strong>Dr. Marietta Sch\u00fcrholz<\/strong> ist Kunst- und Kulturwissenschaftlerin. Sie arbeitet als Kulturauditorin, Beraterin und Journalistin. Ihr Hauptaugenmerk gilt dem Erwachen einer Unternehmenskultur, in der das sich Gestaltende als &#8222;Kunst&#8220; im Sinne einer sozialen Plastik selbstbewusst ergriffen werden kann. Ein wesentlicher Bestandteil ihrer Arbeit war in den letzten Jahren das Entwickeln von Formaten, in denen das gemeinsame Essen zu einer neuen und gemeinschaftliche Erfahrung werden kann. <a href=\"http:\/\/www.marietta-schuerholz.de\/\" target=\"_blank\" rel=\"noopener noreferrer\" title=\"Dr. Marietta Johanna Sch\u00fcrholz\">www.marietta-schuerholz.de<\/a>,<br><a href=\"http:\/\/mutmacherei.org\/\" target=\"_blank\" rel=\"noopener noreferrer\">www.mutmacherei.org<\/a>.<\/p>\n\n\n\n<p><a href=\"http:\/\/www.so-lass-ich-mich-nicht-pruefen.de\/wp-content\/uploads\/2015\/01\/Warum_ich_mich_an_diesem_Blog_beteilige_Marietta.pdf\">Warum_ich_mich_an_diesem_Blog_beteilige_Marietta<\/a><\/p>\n\n\n\n<p>Gemeinsame Aktivit\u00e4ten und M\u00f6glichkeiten der Zusammenarbeit bei der<br><a href=\"https:\/\/werkstatt-fuer-verantwortung-und-fuehrung.de\/\" target=\"_blank\" rel=\"noreferrer noopener\">Werkstatt f\u00fcr Verantwortung und F\u00fchrung<\/a><\/p>\n","protected":false},"excerpt":{"rendered":"<p>Dr. Stefan Ackermann ist Philosoph und Gr\u00fcnder der SocialCert GmbH. Er auditiert und zertifiziert seit 2000 soziale Einrichtungen von Kinderg\u00e4rten und Schulen bis hin zu Altenheimen und station\u00e4ren Hospizen. Er besch\u00e4ftigt sich umf\u00e4nglich mit Fragen des Lernens in allen gesellschaftlichen &hellip; <a href=\"http:\/\/www.so-lass-ich-mich-nicht-pruefen.de\/?page_id=37\">Weiterlesen <span class=\"meta-nav\">&rarr;<\/span><\/a><\/p>\n","protected":false},"author":1,"featured_media":0,"parent":0,"menu_order":7,"comment_status":"closed","ping_status":"closed","template":"","meta":{"footnotes":""},"class_list":["post-37","page","type-page","status-publish","hentry"],"aioseo_notices":[],"_links":{"self":[{"href":"http:\/\/www.so-lass-ich-mich-nicht-pruefen.de\/index.php?rest_route=\/wp\/v2\/pages\/37","targetHints":{"allow":["GET"]}}],"collection":[{"href":"http:\/\/www.so-lass-ich-mich-nicht-pruefen.de\/index.php?rest_route=\/wp\/v2\/pages"}],"about":[{"href":"http:\/\/www.so-lass-ich-mich-nicht-pruefen.de\/index.php?rest_route=\/wp\/v2\/types\/page"}],"author":[{"embeddable":true,"href":"http:\/\/www.so-lass-ich-mich-nicht-pruefen.de\/index.php?rest_route=\/wp\/v2\/users\/1"}],"replies":[{"embeddable":true,"href":"http:\/\/www.so-lass-ich-mich-nicht-pruefen.de\/index.php?rest_route=%2Fwp%2Fv2%2Fcomments&post=37"}],"version-history":[{"count":23,"href":"http:\/\/www.so-lass-ich-mich-nicht-pruefen.de\/index.php?rest_route=\/wp\/v2\/pages\/37\/revisions"}],"predecessor-version":[{"id":583,"href":"http:\/\/www.so-lass-ich-mich-nicht-pruefen.de\/index.php?rest_route=\/wp\/v2\/pages\/37\/revisions\/583"}],"wp:attachment":[{"href":"http:\/\/www.so-lass-ich-mich-nicht-pruefen.de\/index.php?rest_route=%2Fwp%2Fv2%2Fmedia&parent=37"}],"curies":[{"name":"wp","href":"https:\/\/api.w.org\/{rel}","templated":true}]}}