{"id":92,"date":"2015-02-14T14:06:27","date_gmt":"2015-02-14T14:06:27","guid":{"rendered":"http:\/\/www.so-lass-ich-mich-nicht-pruefen.de\/?page_id=92"},"modified":"2025-01-30T16:14:39","modified_gmt":"2025-01-30T16:14:39","slug":"zur-sache","status":"publish","type":"page","link":"http:\/\/www.so-lass-ich-mich-nicht-pruefen.de\/","title":{"rendered":"Zur Sache"},"content":{"rendered":"<p><span style=\"color: #0000ff;\"><strong>&#8212; Willkommen! &#8212;<\/strong><\/span><br \/>Weil Pr\u00fcfen ein Nadel\u00f6hr ist, durch das alles, was in die Welt kommen m\u00f6chte hindurch gehen muss, braucht es ein Ohr, ein Auge, ein Herz und einen Verstand, welche das Neue wahrzunehmen\u00a0verm\u00f6gen.<\/p>\n<h5><span style=\"color: #003366;\"><strong>Vier Haltungen zum Pr\u00fcfen &#8211; vier innere Teammitglieder, die ich einladen kann:<\/strong><\/span><\/h5>\n<h4>1) So werde ich gepr\u00fcft \/ getestet! &#8211; Kind<br \/>2) SO LASS ICH MICH NICHT PR\u00dcFEN \/ TESTEN! &#8211; Jugendliche<br \/>3) SO will ich gepr\u00fcft \/ gestestent werden! &#8211; Erwachsene<br \/>4) So pr\u00fcft \/ testet mich das Leben. &#8211; Weiser Mensch<\/h4>\n<h5>\u00a0<\/h5>\n<h5><strong>Ein kleiner Wegweiser:<\/strong><\/h5>\n<p>Diese Website als Beitrag zur Auss\u00f6hnung in der Menschheitsfamilie bringt Sie\/Dich auf eine Forschungsreise durch das Thema Pr\u00fcfen. Weil wir Pr\u00fcfen &#8211; und zu diesem Wortfeld geh\u00f6rt immer auch Testen &#8211; als letzte funktionsf\u00e4hige, meist unbewusste Initiation in unserer westlichen Kultur\u00a0 betrachten, interessieren uns die Absichten, Werte, Muster, Logiken, Methoden und Konsequenzen dieses oft &#8211; weil mit schlechten Erfahrungen besetzt &#8211; verdr\u00e4ngten Handlungsfeldes.<\/p>\n<p>Warum Initiation? Die Art und Weise, wie Mensch erwachsen wird, also bewusst und selbst-verantwortlich Handeln kann, ist bestimmt durch Geburts- und Sterbeprozesse. Pr\u00fcfungen markieren die \u00dcberg\u00e4nge, die Mensch oder Person Zugang gew\u00e4hren zu einem Raum, der ohne diese Pr\u00fcfung nicht zur Verf\u00fcgung steht.<\/p>\n<p>Wir gehen hier der Frage nach, wie Mensch bewusst und verantwortlich solche Schwellen\u00fcberg\u00e4nge erkennen, gestalten und auch gem\u00e4\u00df seiner gew\u00e4hlten Absicht durchleben kann. Deshalb unterst\u00fctzen wir die Bewegung <a href=\"https:\/\/www.bildungsbrief.de\/\" target=\"_blank\" rel=\"noopener\">Bildungsbrief<\/a>.<\/p>\n<p>Um das Handlungsfeld Pr\u00fcfen selbst verstehen zu k\u00f6nnen, empfehlen wir mit den <a title=\"Grunds\u00e4tzliches\" href=\"http:\/\/www.so-lass-ich-mich-nicht-pruefen.de\/?page_id=20\" target=\"_blank\" rel=\"noopener\">Grundlagen<\/a> zu beginnen.<\/p>\n<p>Wer zu beginn sich lieber auf unterhaltsamere Weise n\u00e4hern will, dem seinen folgende Videos nachgelegt.<\/p>\n<p>Die Wirkungen externen vergleichenden Pr\u00fcfens (K1) auf die Urteilskraft der B\u00fcrgerinnen und B\u00fcrger &#8230;<\/p>\n<p><a href=\"https:\/\/www.youtube.com\/watch?v=1e-TMqhLA18&amp;ab_channel=StefanAckermann\" target=\"_blank\" rel=\"noopener\">Warum brauchen wir eine neue Pr\u00fcfkultur?<\/a><\/p>\n<p><a href=\"https:\/\/youtu.be\/hnDm4YvcDYI\" target=\"_blank\" rel=\"noopener\">Das beste Altenheim<\/a><\/p>\n<p>Unbew\u00e4hrt von Anfang an: <a href=\"http:\/\/www.so-lass-ich-mich-nicht-pruefen.de\/wp-content\/uploads\/2015\/02\/Positionspapier_Pfegenoten.pdf\" target=\"_blank\" rel=\"noopener\">Positionspapier_Pfegenoten<\/a><\/p>\n<p>Danke Lotta Emilia: <a href=\"https:\/\/www.youtube.com\/watch?v=9WTKO1rvXXg&amp;ab_channel=PoetrySlamBayreuth\" target=\"_blank\" rel=\"noopener\">Ich w\u00e4re gern eine 10 von 10 &#8230;<\/a><\/p>\n<p><strong>UND NOCH WAS Gro\u00dfartiges:<\/strong> Bildungsgang: <a href=\"https:\/\/www.youtube.com\/watch?v=c9dxEgGQhDk&amp;ab_channel=ActioGrenzg%C3%A4nger\" target=\"_blank\" rel=\"noopener\">Actio Grenzg\u00e4nger<\/a>; Hinweis auf den Film f\u00fcr 2022 <a href=\"https:\/\/www.youtube.com\/watch?v=oTKJoXakJnU&amp;ab_channel=KemperlyFilmProduktion\" target=\"_blank\" rel=\"noopener\">Bildungsgang<\/a><\/p>\n<p><strong>ES IST SO WEIT &#8211; am 27.07.2018 flatterte das in meinen Postkasten:<\/strong><strong><br \/>Simon Hoffmann sei dank:<\/strong> <a href=\"https:\/\/www.youtube.com\/watch?v=c9dxEgGQhDk&amp;t=23s&amp;ab_channel=ActioGrenzg%C3%A4nger\" target=\"_blank\" rel=\"noopener\">Offizielles Musikvideo<\/a><\/p>\n<p>Und es geht weiter: <a href=\"https:\/\/www.youtube.com\/watch?v=7T5K-tMvR5s&amp;ab_channel=welTVision\" target=\"_blank\" rel=\"noopener\">Jugendkongress 2022<\/a><\/p>\n<p>Die <a href=\"https:\/\/www.youtube.com\/watch?v=nbK-nSm1Xuo&amp;ab_channel=StefanAckermann\" target=\"_blank\" rel=\"noopener\">Beste Uni<\/a><\/p>\n\n\n<pre class=\"wp-block-preformatted\"><\/pre>\n\n\n\n<p><\/p>\n","protected":false},"excerpt":{"rendered":"<p>&#8212; Willkommen! &#8212;Weil Pr\u00fcfen ein Nadel\u00f6hr ist, durch das alles, was in die Welt kommen m\u00f6chte hindurch gehen muss, braucht es ein Ohr, ein Auge, ein Herz und einen Verstand, welche das Neue wahrzunehmen\u00a0verm\u00f6gen. Vier Haltungen zum Pr\u00fcfen &#8211; vier &hellip; <a href=\"http:\/\/www.so-lass-ich-mich-nicht-pruefen.de\/\">Weiterlesen <span class=\"meta-nav\">&rarr;<\/span><\/a><\/p>\n","protected":false},"author":1,"featured_media":0,"parent":0,"menu_order":0,"comment_status":"open","ping_status":"closed","template":"","meta":{"footnotes":""},"class_list":["post-92","page","type-page","status-publish","hentry"],"aioseo_notices":[],"_links":{"self":[{"href":"http:\/\/www.so-lass-ich-mich-nicht-pruefen.de\/index.php?rest_route=\/wp\/v2\/pages\/92","targetHints":{"allow":["GET"]}}],"collection":[{"href":"http:\/\/www.so-lass-ich-mich-nicht-pruefen.de\/index.php?rest_route=\/wp\/v2\/pages"}],"about":[{"href":"http:\/\/www.so-lass-ich-mich-nicht-pruefen.de\/index.php?rest_route=\/wp\/v2\/types\/page"}],"author":[{"embeddable":true,"href":"http:\/\/www.so-lass-ich-mich-nicht-pruefen.de\/index.php?rest_route=\/wp\/v2\/users\/1"}],"replies":[{"embeddable":true,"href":"http:\/\/www.so-lass-ich-mich-nicht-pruefen.de\/index.php?rest_route=%2Fwp%2Fv2%2Fcomments&post=92"}],"version-history":[{"count":173,"href":"http:\/\/www.so-lass-ich-mich-nicht-pruefen.de\/index.php?rest_route=\/wp\/v2\/pages\/92\/revisions"}],"predecessor-version":[{"id":642,"href":"http:\/\/www.so-lass-ich-mich-nicht-pruefen.de\/index.php?rest_route=\/wp\/v2\/pages\/92\/revisions\/642"}],"wp:attachment":[{"href":"http:\/\/www.so-lass-ich-mich-nicht-pruefen.de\/index.php?rest_route=%2Fwp%2Fv2%2Fmedia&parent=92"}],"curies":[{"name":"wp","href":"https:\/\/api.w.org\/{rel}","templated":true}]}}